 5) in base 3?
200020
Convert -450352 (base 6) to base 5.
-2201344
Convert -141511 (base 7) to base 12.
-13767
Convert 202300 (base 5) to base 10.
6575
Convert -35a7 (base 12) to base 4.
-1132033
What is 7ca1 (base 14) in base 11?
15339
What is 1031 (base 5) in base 3?
12020
-41 (base 13) to base 9
-58
Convert 23011222 (base 4) to base 12.
2234a
124 (base 11) to base 2
10010011
-25033 (base 6) to base 10
-3693
Convert -322223 (base 4) to base 15.
-11a5
What is 87 (base 11) in base 14?
6b
-9059 (base 11) to base 2
-10111100001011
-cb3 (base 15) to base 9
-3836
What is 1010111111 (base 2) in base 11?
58a
Convert 21042 (base 11) to base 7.
155246
What is -23145 (base 8) in base 4?
-2121211
What is -21183 (base 11) in base 2?
-111100001101001
Convert 100001001001 (base 2) to base 15.
966
What is -23221 (base 5) in base 10?
-1686
-35e (base 15) to base 12
-538
Convert 15 (base 9) to base 7.
20
4613 (base 11) to base 5
143224
103504 (base 6) to base 8
20640
1232312 (base 4) to base 15
217e
Convert -22522 (base 7) to base 11.
-4357
What is -545 (base 8) in base 15?
-18c
Convert -1962 (base 16) to base 11.
-4978
Convert 437b (base 12) to base 7.
30455
What is -ab (base 13) in base 10?
-141
Convert -311 (base 12) to base 10.
-445
What is -baab (base 12) in base 11?
-14509
What is -a41 (base 11) in base 3?
-1201111
Convert 1b0 (base 13) to base 9.
376
Convert 100111101101 (base 2) to base 5.
40131
2501 (base 6) to base 13
382
What is 8962 (base 14) in base 13?
aaac
What is -203110 (base 4) in base 15?
-a0a
What is -43300 (base 5) in base 7?
-11413
What is 69 (base 10) in base 7?
126
Convert -1aaa (base 16) to base 12.
-3b4a
What is -73 (base 10) in base 11?
-67
Convert -13034 (base 8) to base 12.
-3338
-21130103 (base 4) to base 13
-147b0
-110110001010011 (base 2) to base 16
-6c53
Convert 1425 (base 6) to base 13.
230
Convert -44341 (base 7) to base 10.
-11152
5528 (base 15) to base 6
215302
-2605 (base 12) to base 9
-5835
What is -410 (base 5) in base 16?
-69
Convert 242412 (base 6) to base 3.
1002020122
-141 (base 16) to base 6
-1253
102b (base 12) to base 5
24023
-1000001010000 (base 2) to base 9
-5650
Convert -60 (base 16) to base 14.
-6c
What is -205 (base 11) in base 16?
-f7
Convert 18a4 (base 16) to base 12.
3798
What is -2026 (base 9) in base 3?
-2000220
142 (base 16) to base 15
167
-37108 (base 9) to base 10
-24875
121000 (base 3) to base 10
432
-17ff (base 16) to base 13
-2a47
What is -31310 (base 4) in base 9?
-1182
Convert -127 (base 13) to base 2.
-11001010
What is -a5c (base 13) in base 11?
-1367
-10230 (base 11) to base 15
-4646
Convert -24010 (base 5) to base 12.
-1023
What is -12343 (base 5) in base 13?
-59b
What is 6242 (base 11) in base 14?
3030
What is a725 (base 13) in base 9?
34720
What is 879 (base 11) in base 6?
4514
Convert -2422 (base 8) to base 7.
-3533
What is -1000223 (base 4) in base 3?
-12200022
Convert -5819 (base 13) to base 7.
-51014
What is 121 (base 16) in base 9?
351
What is b6d4 (base 14) in base 13?
11488
156472 (base 8) to base 14
168d4
102111 (base 3) to base 7
622
What is 5a41 (base 15) in base 4?
10223302
7a0 (base 13) to base 10
1313
224 (base 12) to base 11
268
-150 (base 7) to base 3
-10010
What is 211323 (base 4) in base 14?
c55
What is 5963 (base 10) in base 14?
225d
21418 (base 11) to base 3
1120200110
-54 (base 13) to base 12
-59
734 (base 9) to base 8
1126
Convert -2ba (base 15) to base 13.
-391
102221 (base 4) to base 9
1565
Convert 2702 (base 12) to base 3.
20010102
What is -10654 (base 8) in base 14?
-1912
-1000010010 (base 2) to base 6
-2242
Convert -14832 (base 13) to base 2.
-1001011101010110
1bd (base 14) to base 16
16b
10343 (base 7) to base 12
15ab
Convert 101000101111011 (base 2) to base 5.
1131414
Convert -2476 (base 8) to base 11.
-1010
What is -5715 (base 11) in base 6?
-54450
What is 2a4 (base 11) in base 14?
1b6
What is 665 (base 15) in base 3?
1222112
Convert 31573 (base 8) to base 10.
13179
Convert 329 (base 12) to base 10.
465
Convert -39c (base 15) to base 6.
-3450
What is -2144 (base 9) in base 10?
-1579
What is -88350 (base 9) in base 16?
-e4f0
Convert 118 (base 16) to base 4.
10120
What is -363 (base 15) in base 5?
-11033
-22202 (base 3) to base 6
-1032
Convert -d84 (base 15) to base 10.
-3049
-200 (base 3) to base 10
-18
What is -32852 (base 9) in base 3?
-1002221202
What is -350 (base 11) in base 6?
-1534
Convert -1032132 (base 4) to base 5.
-130042
What is 5355 (base 6) in base 16?
4c7
What is 2301232 (base 4) in base 15?
3584
Convert 40a (base 11) to base 4.
13232
Convert -235b (base 15) to base 3.
-101022012
Convert 200120 (base 3) to base 15.
236
Convert -11110000 (base 2) to base 14.
-132
46042 (base 9) to base 15
913b
Convert -648 (base 11) to base 4.
-30022
4240 (base 6) to base 8
1700
3 (base 6) to base 5
3
What is -2656 (base 11) in base 5?
-102244
What is -33442 (base 5) in base 10?
-2372
What is 3380 (base 12) in base 7?
22440
60102 (base 7) to base 16
3879
-4f2 (base 16) to base 2
-10011110010
15600 (base 8) to base 7
26345
1235 (base 6) to base 7
623
16115 (base 7) to base 6
32532
-422 (base 8) to base 14
-158
What is -a122 (base 11) in base 10?
-13455
1351 (base 12) to base 8
4255
Convert 4123 (base 5) to base 6.
2254
Convert 2912a (base 11) to base 6.
515422
Convert 200 (base 8) to base 11.
107
10232 (base 4) to base 11
255
Convert -131311 (base 7) to base 3.
-1020121201
-20012 (base 5) to base 16
-4e9
Convert -15826 (base 9) to base 8.
-25176
What is 204 (base 7) in base 11?
93
What is 10a (base 15) in base 8?
353
Convert -2067 (base 12) to base 2.
-110111001111
-619 (base 11) to base 13
-455
What is -6b (base 13) in base 11?
-81
What is 15343 (base 6) in base 4?
213033
Convert -1825 (base 12) to base 3.
-10222202
Convert 59a0 (base 15) to base 5.
1102200
127 (base 15) to base 8
406
-95 (base 14) to base 15
-8b
Convert -473 (base 9) to base 13.
-240
Convert 40d4 (base 14) to base 8.
25632
-101010001101001 (base 2) to base 11
-15265
Convert -2114132 (base 5) to base 16.
-8ad6
What is 1133023 (base 4) in base 8?
13713
Convert -100110000100011 (base 2) to base 16.
-4c23
-131122 (base 4) to base 9
-2521
102115 (base 6) to base 16
203f
What is -3a46 (base 12) in base 13?
-3069
Convert 12256 (base 9) to base 15.
268c
1110001110000 (base 2) to base 8
16160
What is 1064 (base 9) in base 15?
377
What is 1554 (base 12) in base 3?
10110001
What is -111a (base 13) in base 4?
-211111
What is 1024 (base 6) in base 15?
107
-101022 (base 3) to base 4
-10112
12002 (base 3) to base 9
162
Convert -4366 (base 7) to base 2.
-11000011111
4200 (base 5) to base 6
2314
Convert 1017 (base 11) to base 14.
6c5
Convert 1323 (base 9) to base 2.
1111100001
What is -240 (base 7) in base 5?
-1001
Convert -1963 (base 11) to base 15.
-b0e
Convert 2132 (base 7) to base 12.
532
1193 (base 11) to base 14
7d0
What is -10312 (base 5) in base 14?
-387
Convert -101011100 (base 2) to base 10.
-348
100010111 (base 2) to base 11
234
What is -14452 (base 8) in base 16?
-192a
Convert -75c4 (base 15) to base 9.
-37174
Convert 3c57 (base 13) to base 3.
102220220
Convert -c88 (base 15) to base 3.
-10212202
Convert -4b46 (base 15) to base 11.
-11063
20212 (base 3) to base 6
505
What is 6fd9 (base 16) in base 14?
a613
What is 411 (base 15) in base 11?
763
Convert -110000010100111 (base 2) to base 10.
-24743
Convert 204 (base 8) to base 7.
246
c760 (base 16) to base 15
101ca
Convert -3863 (base 10) to base 16.
-f17
Convert -4140 (base 5) to base 3.
-202012
-13634 (base 9) to base 13
-42a9
Convert 15975 (base 10) to base 13.
736b
Convert 15c8 (base 15) to base 14.
19cc
What is 210124 (base 5) in base 3?
100111002
Convert -233013 (base 5) to base 9.
-12603
What is -228 (base 11) in base 5?
-2042
Convert 13233 (base 6) to base 13.
c09
160 (base 8) to base 4
1300
What is -110000 (base 2) in base 6?
-120
What is 3042 (base 7) in base 9?
1406
What is -1043 (base 5) in base 16?
-94
What is -406 (base 15) in base 16?
-38a
What is 11122210 (base 3) in base 8?
6504
Convert 211200 (base 3) to base 15.
2ac
Convert -2020 (base 11) to base 15.
-bde
Convert 229 (base 10) to base 11.
199
12111222 (base 3) to base 5
112042
What is -100300 (base 4) in base 13?
-646
-1909 (base 11) to base 12
-14a5
-12110 (base 4) to base 13
-251